of s(u)?
3
Let r be ((-8)/(-12))/(6/45). Suppose -2*f + 24 = r*p, 43 - 13 = 2*f + 2*p. What is the units digit of f?
7
Let p(u) = -u**2 + 5*u + 6. Let q be p(5). Let n(a) = a**2 + 3*a - 12. What is the units digit of n(q)?
2
What is the units digit of 0 - 2 - (-81 + 2)?
7
Let g(q) = -q**2 + q + 108. Let c be g(0). Suppose 0*y = -4*y + c. What is the tens digit of y?
2
Let i(o) = -o**2 - 7*o + 2. Let r be i(-8). What is the units digit of 42/5 - r/10?
9
Suppose 4*w = -19 + 55. What is the units digit of w?
9
Suppose 2*q + 2 - 30 = 0. Let t be q/4 + 1/(-2). What is the units digit of ((-18)/15)/(t/(-20))?
8
Let c be (-4)/6 - (-2)/3. Let i = 3 - c. What is the units digit of i?
3
Let h = 10 + -8. Suppose 4*o - h*o = 4. What is the units digit of o?
2
Suppose 0*u + 12 = u. Let p = -9 + u. What is the units digit of p?
3
Suppose -l - 92 = -6*l + 3*s, -5*l + 4*s = -96. What is the units digit of l?
6
Suppose 5*p + 443 = 4*j, 4*p = -5*j + 190 + 333. What is the tens digit of j?
0
Let p be (-4)/((0 - -2)*1). What is the units digit of 12/18*(-39)/p?
3
Let n(q) = -q**2 + 3*q + 5. Let f be n(4). Suppose 3*h + 8 = -5*k + 88, h - 18 = -k. What is the tens digit of -3 - (-1)/(f/k)?
1
Let q(g) = 4*g**3 - 4*g - g**2 - 3*g**3 - 32 + 35. What is the units digit of q(4)?
5
Suppose 0 = -16*p + 14*p + 114. What is the tens digit of p?
5
Let z be (-3)/(-6) - 21/6. What is the units digit of (4/(-12))/(z/45)?
5
Suppose 2*w - 16 = 2*f - 4*f, 0 = -3*f + 5*w + 40. Suppose 2*l = -0*n - 5*n + f, -2*l + n = -10. What is the units digit of l?
5
Suppose -7 = -a + 6. What is the tens digit of a?
1
Let y(s) = s**2 + 10*s + 11. Let k be y(-8). Let w(i) = -2*i - 5. What is the units digit of w(k)?
5
Let w = 242 + -148. What is the units digit of w?
4
Suppose 3*d = -2*p + 71, 31 = 4*p - 2*p - 5*d. Let x be (0 - -16)*2/(-4). Let w = x + p. What is the units digit of w?
0
Let k = -162 - -416. What is the units digit of k?
4
Let u = 2 - -3. Suppose a = u*a + 3*i - 128, 4*a + 4*i - 132 = 0. What is the tens digit of a?
2
Suppose -2*g - 33 = 3*z, -3*g - 5 = 4. Let q = 24 + z. What is the tens digit of q?
1
Suppose -4*l = -b + 42, 0*l - 3*l - 69 = -2*b. What is the tens digit of b?
3
Let g(h) = 4*h - 5. What is the tens digit of g(18)?
6
Let a be 64/34 + (-2)/(-17). Suppose 3*b + a*f + 65 = 198, -2*f + 219 = 5*b. What is the units digit of b?
3
Let d = 23 + 10. What is the tens digit of d?
3
Let u = 2 + 0. Suppose u*d = d + 3. What is the units digit of 3 + (2 - d) - 0?
2
Let a(r) = 3*r**3 + 2*r**2 - r. Let n be a(1). Let w = n + 4. What is the units digit of w?
8
Suppose 14*o - 148 = 12*o. What is the tens digit of o?
7
Suppose 101 = 4*p + 17. What is the units digit of p?
1
Let n be (12/10)/((-6)/20). Let j(f) = f**2 + 7*f - 7. Let w be j(-7). Let x = n - w. What is the units digit of x?
3
Let n be (-10)/(-4) + 3/(-2). Let q(f) = 12*f + 1. What is the units digit of q(n)?
3
Let j be -1 + -1 + (4 - 5). Let y = j + 4. What is the units digit of y?
1
Let g = -9 + 10. What is the tens digit of 12 - (3 + g + -2)?
1
What is the tens digit of (-27)/2*(-6)/3?
2
Suppose 4*h = 9*h - 4*k - 925, -3*k = 3*h - 528. What is the units digit of h?
1
Let p = 0 + 1. Let a be p*(-4 - (-2 - -3)). What is the units digit of (-5)/(a/6) + -1?
5
Let u = 3 - 1. Let o be 1/u + (-5)/10. Suppose 6*v - 17 = -4*l + v, o = l - 5*v + 2. What is the units digit of l?
3
Let a(t) = t - 1. Let u(w) = 9*w - 15. Let k(j) = -12*a(j) + u(j). What is the units digit of k(-3)?
6
Let n(q) = q + 44. Let s be n(0). Suppose 0 = -4*d + 3*d. Suppose -3*k = -g - d*k - 3, 2*k = -4*g + s. What is the units digit of g?
9
Suppose 2*h + 4*i = 34, h - 4*h + i + 65 = 0. What is the tens digit of h?
2
Let v = 8 + -1. What is the units digit of v?
7
Suppose -3*y = 3*h - 351, -y - 4*y + 635 = -5*h. What is the hundreds digit of y?
1
What is the units digit of 74/(-1*(0 + -2))?
7
Let w be (12/(-30))/((-3)/30). Suppose 4*d - 38 = -0*d + 2*a, 5*a = w*d - 41. What is the units digit of d?
9
Suppose 10 = 2*w + 4*n, 0 = 3*w + n - 12 - 13. Suppose 0 = -3*o - 9 - w. What is the units digit of (-2)/((20/o)/5)?
3
Let u(r) = -r + 3. Let w be u(-4). Suppose -4*s = -w*s + 45. Let f = s + -4. What is the units digit of f?
1
Suppose 5*v - 728 = m + 193, 2*v - 366 = -2*m. What is the tens digit of v?
8
Let z(h) = 5*h - 1. What is the units digit of z(7)?
4
Let r(z) = 10*z**2 + 3*z - 7. What is the units digit of r(-5)?
8
What is the tens digit of 3 + (-4)/((-20)/655)?
3
What is the units digit of (-27)/18*2/(-3)?
1
Let c = 98 + 133. What is the units digit of c?
1
Let u be (-3)/(-6)*(2 + -2). Suppose 3*m + 0*m = 3. What is the tens digit of (u - 1)/m - -15?
1
Let x(d) be the second derivative of d**4/12 + 4*d**3/3 - 5*d**2 - d. What is the units digit of x(-10)?
0
Let h = -40 + 155. What is the units digit of h?
5
Suppose 4*j - 9 + 1 = 0. Let z be (j/(-6))/(1/3). What is the units digit of z + (0 + 10)/2?
4
Let k = 2 - 1. Suppose 7*l - 3 = 11. Suppose -l*x - k + 3 = 0. What is the units digit of x?
1
Let u be (-2)/(-9) + (-225)/(-81). Let g be (u - -6)/((-9)/6). What is the units digit of 76/g*3/(-2)?
9
Let o = -3 + 3. What is the units digit of (-8)/2*(o + -1)?
4
Let t be (1 + -2)/(-2 + 1). Let r be t/4 + 52/(-16). Let h = -2 - r. What is the units digit of h?
1
Let n(o) be the first derivative of o**4/6 - o**3/3 - o**2/2 + o - 1. Let z(i) be the first derivative of n(i). What is the units digit of z(2)?
3
Let v(x) = 4*x**2 + 2*x - 2. What is the tens digit of v(-3)?
2
Let h = 96 + -38. What is the tens digit of h?
5
Let g = -228 - -330. What is the tens digit of g?
0
Let f(x) = -x**3 + 8*x**2 + 4. Let o be f(8). Suppose 0 = 2*s - 2, -i + o*i - 22 = -s. Suppose i = 2*r - r. What is the units digit of r?
7
Suppose u + 7 - 16 = 0. Let q(n) = n - 1 - 4 + 2 - 2. What is the units digit of q(u)?
4
Let g = -30 - -66. Let x = g + -26. Suppose 0*f + x = 2*f. What is the units digit of f?
5
Let w = -2 + -4. Let y be 1*-14*9/w. Let x = -10 + y. What is the tens digit of x?
1
Let x be 2/4*(2 + 118). Suppose 3*a + 8 = -1, -4*z + 4*a = -x. What is the tens digit of z?
1
Let t = 3 - 1. Suppose -12 = -t*z + 4*y, 0 = 2*z - 4*y - y - 13. What is the units digit of z?
4
Suppose -3*r + 2 = -4. Suppose 0 = -r*q - 3*z + 84, 0*z = -3*q + 4*z + 160. What is the units digit of q?
8
What is the hundreds digit of (5310/(-315))/((-1)/7)?
1
Suppose 5*u - 16 = 4*o + 17, 2*o + 19 = 3*u. Let a(x) = x**2 + 2*x + u*x - x - 4*x + 2. What is the units digit of a(-2)?
2
Let i(f) = -5*f**2 + 12*f - 13. Let k(b) = -4*b**2 + 11*b - 12. Let t(u) = -3*i(u) + 4*k(u). What is the units digit of t(6)?
3
Suppose -5*u = 14 - 99. What is the tens digit of u?
1
Let l(d) = 50*d + 17. What is the tens digit of l(5)?
6
Suppose -67 + 19 = -3*p. What is the units digit of p?
6
Suppose 3*i + 128 = 5*i. Let f = i + -10. Suppose 0 = 5*u - f + 4. What is the tens digit of u?
1
Let u = 267 - 159. What is the hundreds digit of u?
1
Suppose -1 = -l + 4. Suppose -f + 17 = l*q + 3*f, 5*q - 4*f + 7 = 0. What is the units digit of q?
1
Let s be 0*1/2*-1. Let c = 23 - 23. Suppose -4*z + n + 28 = c, -3*z = -s*z + 3*n - 36. What is the units digit of z?
8
Suppose -16 = -4*n - 0. Suppose 2*x + 2*v = n*x - 32, -3*v = -4*x + 60. What is the tens digit of x?
1
Let d = 12 - 7. Suppose -3*m + d = -7. Suppose m*r - 50 = -r. What is the tens digit of r?
1
Suppose 0 = -13*k + 23*k - 2020. What is the units digit of k?
2
Let r = -43 + 161. What is the hundreds digit of r?
1
Suppose -4*i = -5*u + 20, 16 = 4*u - i - 0*i. Let z be ((-18)/u)/((-12)/32). Let g = z - 7. What is the units digit of g?
5
Let n(y) = y**3 + 4*y**2 + 3. Let x be n(-4). Suppose f + 6 = x*f. What is the units digit of f?
3
Suppose d + 7 = v, -d = 4*v + 8 + 4. Let m(x) = x**2 + 7*x - 6. Let l be m(d). Suppose 5*y = 3*q + 28, 0*y - 8 = -l*y + 2*q. What is the units digit of y?
8
Suppose 5*s - 346 = -2*f, 4*f + 2*s - 471 = 237. What is the hundreds digit of f?
1
Let o(s) = -s**3 - 11*s**2 - 11*s + 8. Let y be (-1)/3 + (-58)/6. What is the tens digit of o(y)?
1
Let i be (-6)/(-9)*9*3. Let x = i - 11. What is the units digit of x?
7
Suppose -y + 10 = 4*y. Suppose t - 2 = y. What is the units digit of t?
4
Let m = -40 + 28. Let x be 6/9*-3 - 0. What is the units